{"id":199,"date":"2025-05-16T12:37:55","date_gmt":"2025-05-16T10:37:55","guid":{"rendered":"http:\/\/unwquhu.cluster100.hosting.ovh.net\/?page_id=199"},"modified":"2026-04-08T19:58:43","modified_gmt":"2026-04-08T17:58:43","slug":"a-propos","status":"publish","type":"page","link":"https:\/\/horscadrebeziers.fr\/index.php\/a-propos\/","title":{"rendered":"\u00c0 propos"},"content":{"rendered":"\t\t<div data-elementor-type=\"wp-page\" data-elementor-id=\"199\" class=\"elementor elementor-199\" data-elementor-post-type=\"page\">\n\t\t\t\t<div class=\"elementor-element elementor-element-db087b7 e-flex e-con-boxed e-con e-parent\" data-id=\"db087b7\" data-element_type=\"container\" data-e-type=\"container\">\n\t\t\t\t\t<div class=\"e-con-inner\">\n\t\t\t\t<div class=\"elementor-element elementor-element-691585a elementor-widget elementor-widget-spacer\" data-id=\"691585a\" data-element_type=\"widget\" data-e-type=\"widget\" data-widget_type=\"spacer.default\">\n\t\t\t\t<div class=\"elementor-widget-container\">\n\t\t\t\t\t\t\t<div class=\"elementor-spacer\">\n\t\t\t<div class=\"elementor-spacer-inner\"><\/div>\n\t\t<\/div>\n\t\t\t\t\t\t<\/div>\n\t\t\t\t<\/div>\n\t\t\t\t\t<\/div>\n\t\t\t\t<\/div>\n\t\t<div class=\"elementor-element elementor-element-d507d96 e-con-full e-flex e-con e-parent\" data-id=\"d507d96\" data-element_type=\"container\" data-e-type=\"container\">\n\t\t<div class=\"elementor-element elementor-element-4e779a2 e-con-full e-flex e-con e-child\" data-id=\"4e779a2\" data-element_type=\"container\" data-e-type=\"container\">\n\t\t\t\t<div class=\"elementor-element elementor-element-838243d elementor-widget elementor-widget-image\" data-id=\"838243d\" data-element_type=\"widget\" data-e-type=\"widget\" data-widget_type=\"image.default\">\n\t\t\t\t<div class=\"elementor-widget-container\">\n\t\t\t\t\t\t\t\t\t\t\t\t\t\t\t<img fetchpriority=\"high\" decoding=\"async\" width=\"800\" height=\"600\" src=\"https:\/\/horscadrebeziers.fr\/wp-content\/uploads\/2025\/05\/a-propos-1024x768.jpg\" class=\"attachment-large size-large wp-image-201\" alt=\"\" srcset=\"https:\/\/horscadrebeziers.fr\/wp-content\/uploads\/2025\/05\/a-propos-1024x768.jpg 1024w, https:\/\/horscadrebeziers.fr\/wp-content\/uploads\/2025\/05\/a-propos-300x225.jpg 300w, https:\/\/horscadrebeziers.fr\/wp-content\/uploads\/2025\/05\/a-propos-768x576.jpg 768w, https:\/\/horscadrebeziers.fr\/wp-content\/uploads\/2025\/05\/a-propos-1536x1152.jpg 1536w, https:\/\/horscadrebeziers.fr\/wp-content\/uploads\/2025\/05\/a-propos-2048x1536.jpg 2048w\" sizes=\"(max-width: 800px) 100vw, 800px\" \/>\t\t\t\t\t\t\t\t\t\t\t\t\t\t\t<\/div>\n\t\t\t\t<\/div>\n\t\t\t\t<\/div>\n\t\t<div class=\"elementor-element elementor-element-274d5da e-con-full e-flex e-con e-child\" data-id=\"274d5da\" data-element_type=\"container\" data-e-type=\"container\">\n\t\t\t\t<div class=\"elementor-element elementor-element-567f360 elementor-widget elementor-widget-text-editor\" data-id=\"567f360\" data-element_type=\"widget\" data-e-type=\"widget\" data-widget_type=\"text-editor.default\">\n\t\t\t\t<div class=\"elementor-widget-container\">\n\t\t\t\t\t\t\t\t\t<div class=\"fe-block fe-block-33b321066bffde2c2fa4\"><div id=\"block-33b321066bffde2c2fa4\" class=\"sqs-block html-block sqs-block-html\" data-blend-mode=\"NORMAL\" data-block-type=\"2\" data-border-radii=\"{&quot;topLeft&quot;:{&quot;unit&quot;:&quot;px&quot;,&quot;value&quot;:0.0},&quot;topRight&quot;:{&quot;unit&quot;:&quot;px&quot;,&quot;value&quot;:0.0},&quot;bottomLeft&quot;:{&quot;unit&quot;:&quot;px&quot;,&quot;value&quot;:0.0},&quot;bottomRight&quot;:{&quot;unit&quot;:&quot;px&quot;,&quot;value&quot;:0.0}}\"><div class=\"sqs-block-content\"><div class=\"sqs-html-content\"><p class=\"preFade fadeIn\">Le Festival Hors Cadre est port\u00e9 par l\u2019Association Hors Cadre (W341014234), une association ind\u00e9pendante enregistr\u00e9e le 20 juin 2024 au Journal Officiel (annonce n\u00b0 627), avec un but culturel, li\u00e9 \u00e0 la photo et \u00e0 l\u2019image en g\u00e9n\u00e9ral, \u00e0 travers la promotion de photographes \u00e0 B\u00e9ziers.<\/p><p class=\"preFade fadeIn\">L&rsquo;objet de l&rsquo;association est la cr\u00e9ation et la coordination d\u2019un festival ayant lieu dans la commune de B\u00e9ziers (H\u00e9rault) et pouvant \u00e9tendre son rayon d\u2019action aux alentours, en impliquant des photographes, des partenaires institutionnels et priv\u00e9s.<\/p><p class=\"preFade fadeIn\">La 1\u00e8re \u00e9dition du festival \u00ab Hors Cadre \u2013 Festival B\u00e9ziers Images \u00bb s\u2019est d\u00e9roul\u00e9e du 10 au 31 octobre 2024, en pr\u00e9sentant le travail de 25 photographes expos\u00e9s dans 17 lieux. Le festival a t\u00e9moign\u00e9 d\u2019un \u00e9lan manifest\u00e9 par de nouveaux acteurs de la sc\u00e8ne Biterroise pour \u0153uvrer ensemble et porter haut une ind\u00e9niable exigence culturelle et artistique.<\/p><p class=\"preFade fadeIn\">Le festival 2025 a pour ambition de renforcer la proposition plurielle de la 1\u00e8re \u00e9dition, en haussant encore l\u2019exigence artistique au travers, en particulier, d\u2019un appel \u00e0 projets nomm\u00e9 Focus, \u00e0 destination des photographes professionnels de l\u2019Occitanie<\/p><\/div><\/div><\/div><\/div>\t\t\t\t\t\t\t\t<\/div>\n\t\t\t\t<\/div>\n\t\t\t\t<\/div>\n\t\t\t\t<\/div>\n\t\t<div class=\"elementor-element elementor-element-d962b2a e-flex e-con-boxed e-con e-parent\" data-id=\"d962b2a\" data-element_type=\"container\" data-e-type=\"container\">\n\t\t\t\t\t<div class=\"e-con-inner\">\n\t\t\t\t<div class=\"elementor-element elementor-element-838552b elementor-widget elementor-widget-spacer\" data-id=\"838552b\" data-element_type=\"widget\" data-e-type=\"widget\" data-widget_type=\"spacer.default\">\n\t\t\t\t<div class=\"elementor-widget-container\">\n\t\t\t\t\t\t\t<div class=\"elementor-spacer\">\n\t\t\t<div class=\"elementor-spacer-inner\"><\/div>\n\t\t<\/div>\n\t\t\t\t\t\t<\/div>\n\t\t\t\t<\/div>\n\t\t\t\t\t<\/div>\n\t\t\t\t<\/div>\n\t\t<div class=\"elementor-element elementor-element-a3c6bab e-flex e-con-boxed e-con e-parent\" data-id=\"a3c6bab\" data-element_type=\"container\" data-e-type=\"container\">\n\t\t\t\t\t<div class=\"e-con-inner\">\n\t\t\t\t<div class=\"elementor-element elementor-element-d6d4660 elementor-widget elementor-widget-eael-creative-button\" data-id=\"d6d4660\" data-element_type=\"widget\" data-e-type=\"widget\" data-widget_type=\"eael-creative-button.default\">\n\t\t\t\t<div class=\"elementor-widget-container\">\n\t\t\t\t\t        <div class=\"eael-creative-button-wrapper\">\n\n            <a class=\"eael-creative-button eael-creative-button--ujarak eael-cb-icon-position-\" href=\"https:\/\/www.helloasso.com\/associations\/hors-cadre-festival-beziers-images\/adhesions\/festival-hors-cadre-2026\" data-text=\"Cliquez !\">\n            \t    \n                <div class=\"creative-button-inner\">\n\n                    \n                    <span class=\"cretive-button-text\">Devenez adh\u00e9rent de l'association<\/span>\n\n                                    <\/div>\n\t                        <\/a>\n        <\/div>\n        \t\t\t\t<\/div>\n\t\t\t\t<\/div>\n\t\t\t\t\t<\/div>\n\t\t\t\t<\/div>\n\t\t<div class=\"elementor-element elementor-element-c331667 e-flex e-con-boxed e-con e-parent\" data-id=\"c331667\" data-element_type=\"container\" data-e-type=\"container\">\n\t\t\t\t\t<div class=\"e-con-inner\">\n\t\t\t\t<div class=\"elementor-element elementor-element-3cbc4fb elementor-widget elementor-widget-spacer\" data-id=\"3cbc4fb\" data-element_type=\"widget\" data-e-type=\"widget\" data-widget_type=\"spacer.default\">\n\t\t\t\t<div class=\"elementor-widget-container\">\n\t\t\t\t\t\t\t<div class=\"elementor-spacer\">\n\t\t\t<div class=\"elementor-spacer-inner\"><\/div>\n\t\t<\/div>\n\t\t\t\t\t\t<\/div>\n\t\t\t\t<\/div>\n\t\t\t\t\t<\/div>\n\t\t\t\t<\/div>\n\t\t\t\t<\/div>\n\t\t","protected":false},"excerpt":{"rendered":"<p>Le Festival Hors Cadre est port\u00e9 par l\u2019Association Hors Cadre (W341014234), une association ind\u00e9pendante enregistr\u00e9e le 20 juin 2024 au Journal Officiel (annonce n\u00b0 627), avec un but culturel, li\u00e9 \u00e0 la photo et \u00e0 l\u2019image en g\u00e9n\u00e9ral, \u00e0 travers la promotion de photographes \u00e0 B\u00e9ziers. L&rsquo;objet de l&rsquo;association est la cr\u00e9ation et la coordination [&hellip;]<\/p>\n","protected":false},"author":1,"featured_media":0,"parent":0,"menu_order":0,"comment_status":"closed","ping_status":"closed","template":"elementor_header_footer","meta":{"footnotes":""},"class_list":["post-199","page","type-page","status-publish","hentry"],"_links":{"self":[{"href":"https:\/\/horscadrebeziers.fr\/index.php\/wp-json\/wp\/v2\/pages\/199","targetHints":{"allow":["GET"]}}],"collection":[{"href":"https:\/\/horscadrebeziers.fr\/index.php\/wp-json\/wp\/v2\/pages"}],"about":[{"href":"https:\/\/horscadrebeziers.fr\/index.php\/wp-json\/wp\/v2\/types\/page"}],"author":[{"embeddable":true,"href":"https:\/\/horscadrebeziers.fr\/index.php\/wp-json\/wp\/v2\/users\/1"}],"replies":[{"embeddable":true,"href":"https:\/\/horscadrebeziers.fr\/index.php\/wp-json\/wp\/v2\/comments?post=199"}],"version-history":[{"count":22,"href":"https:\/\/horscadrebeziers.fr\/index.php\/wp-json\/wp\/v2\/pages\/199\/revisions"}],"predecessor-version":[{"id":1534,"href":"https:\/\/horscadrebeziers.fr\/index.php\/wp-json\/wp\/v2\/pages\/199\/revisions\/1534"}],"wp:attachment":[{"href":"https:\/\/horscadrebeziers.fr\/index.php\/wp-json\/wp\/v2\/media?parent=199"}],"curies":[{"name":"wp","href":"https:\/\/api.w.org\/{rel}","templated":true}]}}

À propos

<div data-elementor-type="wp-page" data-elementor-id="199" class="elementor elementor-199" data-elementor-post-type="page">
				<div class="elementor-element elementor-element-db087b7 e-flex e-con-boxed e-con e-parent" data-id="db087b7" data-element_type="container" data-e-type="container">
					<div class="e-con-inner">
				<div class="elementor-element elementor-element-691585a elementor-widget elementor-widget-spacer" data-id="691585a" data-element_type="widget" data-e-type="widget" data-widget_type="spacer.default">
				<div class="elementor-widget-container">
							<div class="elementor-spacer">
			<div class="elementor-spacer-inner"></div>
		</div>
						</div>
				</div>
					</div>
				</div>
		<div class="elementor-element elementor-element-d507d96 e-con-full e-flex e-con e-parent" data-id="d507d96" data-element_type="container" data-e-type="container">
		<div class="elementor-element elementor-element-4e779a2 e-con-full e-flex e-con e-child" data-id="4e779a2" data-element_type="container" data-e-type="container">
				<div class="elementor-element elementor-element-838243d elementor-widget elementor-widget-image" data-id="838243d" data-element_type="widget" data-e-type="widget" data-widget_type="image.default">
				<div class="elementor-widget-container">
															<img fetchpriority="high" decoding="async" width="800" height="600" src="https://horscadrebeziers.fr/wp-content/uploads/2025/05/a-propos-1024x768.jpg" class="attachment-large size-large wp-image-201" alt="" srcset="https://horscadrebeziers.fr/wp-content/uploads/2025/05/a-propos-1024x768.jpg 1024w, https://horscadrebeziers.fr/wp-content/uploads/2025/05/a-propos-300x225.jpg 300w, https://horscadrebeziers.fr/wp-content/uploads/2025/05/a-propos-768x576.jpg 768w, https://horscadrebeziers.fr/wp-content/uploads/2025/05/a-propos-1536x1152.jpg 1536w, https://horscadrebeziers.fr/wp-content/uploads/2025/05/a-propos-2048x1536.jpg 2048w" sizes="(max-width: 800px) 100vw, 800px" />															</div>
				</div>
				</div>
		<div class="elementor-element elementor-element-274d5da e-con-full e-flex e-con e-child" data-id="274d5da" data-element_type="container" data-e-type="container">
				<div class="elementor-element elementor-element-567f360 elementor-widget elementor-widget-text-editor" data-id="567f360" data-element_type="widget" data-e-type="widget" data-widget_type="text-editor.default">
				<div class="elementor-widget-container">
									<div class="fe-block fe-block-33b321066bffde2c2fa4"><div id="block-33b321066bffde2c2fa4" class="sqs-block html-block sqs-block-html" data-blend-mode="NORMAL" data-block-type="2" data-border-radii="{&quot;topLeft&quot;:{&quot;unit&quot;:&quot;px&quot;,&quot;value&quot;:0.0},&quot;topRight&quot;:{&quot;unit&quot;:&quot;px&quot;,&quot;value&quot;:0.0},&quot;bottomLeft&quot;:{&quot;unit&quot;:&quot;px&quot;,&quot;value&quot;:0.0},&quot;bottomRight&quot;:{&quot;unit&quot;:&quot;px&quot;,&quot;value&quot;:0.0}}"><div class="sqs-block-content"><div class="sqs-html-content"><p class="preFade fadeIn">Le Festival Hors Cadre est porté par l’Association Hors Cadre (W341014234), une association indépendante enregistrée le 20 juin 2024 au Journal Officiel (annonce n° 627), avec un but culturel, lié à la photo et à l’image en général, à travers la promotion de photographes à Béziers.</p><p class="preFade fadeIn">L&rsquo;objet de l&rsquo;association est la création et la coordination d’un festival ayant lieu dans la commune de Béziers (Hérault) et pouvant étendre son rayon d’action aux alentours, en impliquant des photographes, des partenaires institutionnels et privés.</p><p class="preFade fadeIn">La 1ère édition du festival « Hors Cadre – Festival Béziers Images » s’est déroulée du 10 au 31 octobre 2024, en présentant le travail de 25 photographes exposés dans 17 lieux. Le festival a témoigné d’un élan manifesté par de nouveaux acteurs de la scène Biterroise pour œuvrer ensemble et porter haut une indéniable exigence culturelle et artistique.</p><p class="preFade fadeIn">Le festival 2025 a pour ambition de renforcer la proposition plurielle de la 1ère édition, en haussant encore l’exigence artistique au travers, en particulier, d’un appel à projets nommé Focus, à destination des photographes professionnels de l’Occitanie</p></div></div></div></div>								</div>
				</div>
				</div>
				</div>
		<div class="elementor-element elementor-element-d962b2a e-flex e-con-boxed e-con e-parent" data-id="d962b2a" data-element_type="container" data-e-type="container">
					<div class="e-con-inner">
				<div class="elementor-element elementor-element-838552b elementor-widget elementor-widget-spacer" data-id="838552b" data-element_type="widget" data-e-type="widget" data-widget_type="spacer.default">
				<div class="elementor-widget-container">
							<div class="elementor-spacer">
			<div class="elementor-spacer-inner"></div>
		</div>
						</div>
				</div>
					</div>
				</div>
		<div class="elementor-element elementor-element-a3c6bab e-flex e-con-boxed e-con e-parent" data-id="a3c6bab" data-element_type="container" data-e-type="container">
					<div class="e-con-inner">
				<div class="elementor-element elementor-element-d6d4660 elementor-widget elementor-widget-eael-creative-button" data-id="d6d4660" data-element_type="widget" data-e-type="widget" data-widget_type="eael-creative-button.default">
				<div class="elementor-widget-container">
					        <div class="eael-creative-button-wrapper">

            <a class="eael-creative-button eael-creative-button--ujarak eael-cb-icon-position-" href="https://www.helloasso.com/associations/hors-cadre-festival-beziers-images/adhesions/festival-hors-cadre-2026" data-text="Cliquez !">
            	    
                <div class="creative-button-inner">

                    
                    <span class="cretive-button-text">Devenez adhérent de l'association</span>

                                    </div>
	                        </a>
        </div>
        				</div>
				</div>
					</div>
				</div>
		<div class="elementor-element elementor-element-c331667 e-flex e-con-boxed e-con e-parent" data-id="c331667" data-element_type="container" data-e-type="container">
					<div class="e-con-inner">
				<div class="elementor-element elementor-element-3cbc4fb elementor-widget elementor-widget-spacer" data-id="3cbc4fb" data-element_type="widget" data-e-type="widget" data-widget_type="spacer.default">
				<div class="elementor-widget-container">
							<div class="elementor-spacer">
			<div class="elementor-spacer-inner"></div>
		</div>
						</div>
				</div>
					</div>
				</div>
				</div>

<p>Le Festival Hors Cadre est porté par l’Association Hors Cadre (W341014234), une association indépendante enregistrée le 20 juin 2024 au Journal Officiel (annonce n° 627), avec un but culturel, lié à la photo et à l’image en général, à travers la promotion de photographes à Béziers. L&rsquo;objet de l&rsquo;association est la création et la coordination [&hellip;]</p>
