{"id":811,"date":"2025-09-23T14:38:09","date_gmt":"2025-09-23T12:38:09","guid":{"rendered":"https:\/\/horscadrebeziers.fr\/?page_id=811"},"modified":"2025-10-11T23:04:21","modified_gmt":"2025-10-11T21:04:21","slug":"exposition-05","status":"publish","type":"page","link":"https:\/\/horscadrebeziers.fr\/index.php\/exposition-05\/","title":{"rendered":"Exposition 05"},"content":{"rendered":"\t\t<div data-elementor-type=\"wp-page\" data-elementor-id=\"811\" class=\"elementor elementor-811\" data-elementor-post-type=\"page\">\n\t\t\t\t<div class=\"elementor-element elementor-element-c4c3cb7 e-flex e-con-boxed e-con e-parent\" data-id=\"c4c3cb7\" data-element_type=\"container\" data-e-type=\"container\">\n\t\t\t\t\t<div class=\"e-con-inner\">\n\t\t<div class=\"elementor-element elementor-element-4a1674c e-con-full e-flex e-con e-child\" data-id=\"4a1674c\" data-element_type=\"container\" data-e-type=\"container\">\n\t\t\t\t<div class=\"elementor-element elementor-element-df40ee8 elementor-widget elementor-widget-spacer\" data-id=\"df40ee8\" data-element_type=\"widget\" data-e-type=\"widget\" data-widget_type=\"spacer.default\">\n\t\t\t\t<div class=\"elementor-widget-container\">\n\t\t\t\t\t\t\t<div class=\"elementor-spacer\">\n\t\t\t<div class=\"elementor-spacer-inner\"><\/div>\n\t\t<\/div>\n\t\t\t\t\t\t<\/div>\n\t\t\t\t<\/div>\n\t\t\t\t<div class=\"elementor-element elementor-element-7361c1e elementor-widget elementor-widget-text-editor\" data-id=\"7361c1e\" data-element_type=\"widget\" data-e-type=\"widget\" data-widget_type=\"text-editor.default\">\n\t\t\t\t<div class=\"elementor-widget-container\">\n\t\t\t\t\t\t\t\t\t<p>EXPOS<\/p>\t\t\t\t\t\t\t\t<\/div>\n\t\t\t\t<\/div>\n\t\t\t\t<div class=\"elementor-element elementor-element-59fa536 elementor-widget elementor-widget-spacer\" data-id=\"59fa536\" data-element_type=\"widget\" data-e-type=\"widget\" data-widget_type=\"spacer.default\">\n\t\t\t\t<div class=\"elementor-widget-container\">\n\t\t\t\t\t\t\t<div class=\"elementor-spacer\">\n\t\t\t<div class=\"elementor-spacer-inner\"><\/div>\n\t\t<\/div>\n\t\t\t\t\t\t<\/div>\n\t\t\t\t<\/div>\n\t\t\t\t<\/div>\n\t\t\t\t\t<\/div>\n\t\t\t\t<\/div>\n\t\t<div class=\"elementor-element elementor-element-2dde006 e-flex e-con-boxed e-con e-parent\" data-id=\"2dde006\" data-element_type=\"container\" data-e-type=\"container\">\n\t\t\t\t\t<div class=\"e-con-inner\">\n\t\t<div class=\"elementor-element elementor-element-a83de58 e-con-full e-flex e-con e-child\" data-id=\"a83de58\" data-element_type=\"container\" data-e-type=\"container\">\n\t\t<div class=\"elementor-element elementor-element-3137d8d e-con-full e-flex e-con e-child\" data-id=\"3137d8d\" data-element_type=\"container\" data-e-type=\"container\">\n\t\t\t\t<div class=\"elementor-element elementor-element-c35a6f7 elementor-widget elementor-widget-heading\" data-id=\"c35a6f7\" data-element_type=\"widget\" data-e-type=\"widget\" data-widget_type=\"heading.default\">\n\t\t\t\t<div class=\"elementor-widget-container\">\n\t\t\t\t\t<h2 class=\"elementor-heading-title elementor-size-default\">5\/ ESPACE D'ART NARBERO<\/h2>\t\t\t\t<\/div>\n\t\t\t\t<\/div>\n\t\t\t\t<\/div>\n\t\t\t\t<div class=\"elementor-element elementor-element-41fddae elementor-widget__width-initial elementor-widget elementor-widget-text-editor\" data-id=\"41fddae\" data-element_type=\"widget\" data-e-type=\"widget\" data-widget_type=\"text-editor.default\">\n\t\t\t\t<div class=\"elementor-widget-container\">\n\t\t\t\t\t\t\t\t\t<div><div data-olk-copy-source=\"MessageBody\">Install\u00e9 \u00e0 B\u00e9ziers depuis 4 ans, l&rsquo;artiste Narbero, a ouvert son propre espace d&rsquo;art avec une exposition permanente de son travail.\u00a0<\/div><div data-olk-copy-source=\"MessageBody\">\u00a0<\/div><div>En dehors des expositions personnelles et temporaires en France, aux \u00c9tats-Unis et en Espagne, Narbero propose ses nouvelles cr\u00e9ations et accueille des artistes.<\/div><\/div><div>\u00a0<\/div><div><strong><span style=\"font-size: large;\"><span style=\"font-size: 12pt;\">14 Rue du 4 septembre &#8211; B\u00e9ziers<\/span><\/span><\/strong><\/div>\t\t\t\t\t\t\t\t<\/div>\n\t\t\t\t<\/div>\n\t\t\t\t<\/div>\n\t\t<div class=\"elementor-element elementor-element-a2776d0 e-con-full e-flex e-con e-child\" data-id=\"a2776d0\" data-element_type=\"container\" data-e-type=\"container\">\n\t\t\t\t<div class=\"elementor-element elementor-element-b1cc0aa elementor-widget elementor-widget-image\" data-id=\"b1cc0aa\" data-element_type=\"widget\" data-e-type=\"widget\" data-widget_type=\"image.default\">\n\t\t\t\t<div class=\"elementor-widget-container\">\n\t\t\t\t\t\t\t\t\t\t\t\t\t\t\t<img fetchpriority=\"high\" decoding=\"async\" width=\"800\" height=\"600\" src=\"https:\/\/horscadrebeziers.fr\/wp-content\/uploads\/2025\/05\/espace-dart-narbero-1024x768.jpg\" class=\"attachment-large size-large wp-image-56\" alt=\"\" srcset=\"https:\/\/horscadrebeziers.fr\/wp-content\/uploads\/2025\/05\/espace-dart-narbero-1024x768.jpg 1024w, https:\/\/horscadrebeziers.fr\/wp-content\/uploads\/2025\/05\/espace-dart-narbero-300x225.jpg 300w, https:\/\/horscadrebeziers.fr\/wp-content\/uploads\/2025\/05\/espace-dart-narbero-768x576.jpg 768w, https:\/\/horscadrebeziers.fr\/wp-content\/uploads\/2025\/05\/espace-dart-narbero-1536x1152.jpg 1536w, https:\/\/horscadrebeziers.fr\/wp-content\/uploads\/2025\/05\/espace-dart-narbero.jpg 1920w\" sizes=\"(max-width: 800px) 100vw, 800px\" \/>\t\t\t\t\t\t\t\t\t\t\t\t\t\t\t<\/div>\n\t\t\t\t<\/div>\n\t\t\t\t<\/div>\n\t\t\t\t\t<\/div>\n\t\t\t\t<\/div>\n\t\t<div class=\"elementor-element elementor-element-336d1bd e-flex e-con-boxed e-con e-parent\" data-id=\"336d1bd\" data-element_type=\"container\" data-e-type=\"container\">\n\t\t\t\t\t<div class=\"e-con-inner\">\n\t\t\t\t<div class=\"elementor-element elementor-element-9a26147 elementor-widget__width-initial elementor-widget elementor-widget-image\" data-id=\"9a26147\" data-element_type=\"widget\" data-e-type=\"widget\" data-widget_type=\"image.default\">\n\t\t\t\t<div class=\"elementor-widget-container\">\n\t\t\t\t\t\t\t\t\t\t\t\t\t\t\t<img decoding=\"async\" width=\"381\" height=\"382\" src=\"https:\/\/horscadrebeziers.fr\/wp-content\/uploads\/2025\/09\/horloge.png\" class=\"attachment-full size-full wp-image-544\" alt=\"\" srcset=\"https:\/\/horscadrebeziers.fr\/wp-content\/uploads\/2025\/09\/horloge.png 381w, https:\/\/horscadrebeziers.fr\/wp-content\/uploads\/2025\/09\/horloge-300x300.png 300w, https:\/\/horscadrebeziers.fr\/wp-content\/uploads\/2025\/09\/horloge-150x150.png 150w\" sizes=\"(max-width: 381px) 100vw, 381px\" \/>\t\t\t\t\t\t\t\t\t\t\t\t\t\t\t<\/div>\n\t\t\t\t<\/div>\n\t\t\t\t<div class=\"elementor-element elementor-element-5004338 elementor-widget elementor-widget-text-editor\" data-id=\"5004338\" data-element_type=\"widget\" data-e-type=\"widget\" data-widget_type=\"text-editor.default\">\n\t\t\t\t<div class=\"elementor-widget-container\">\n\t\t\t\t\t\t\t\t\t<p align=\"left\">DU MER AU VEN : 10h-12h30 \/ 14h30-19h &#8211; SAM non stop 10h-19h<\/p><strong>VERNISSAGE LE 17 OCTOBRE<\/strong>\t\t\t\t\t\t\t\t<\/div>\n\t\t\t\t<\/div>\n\t\t\t\t\t<\/div>\n\t\t\t\t<\/div>\n\t\t<div class=\"elementor-element elementor-element-6a04051 e-flex e-con-boxed e-con e-parent\" data-id=\"6a04051\" data-element_type=\"container\" data-e-type=\"container\">\n\t\t\t\t\t<div class=\"e-con-inner\">\n\t\t\t\t<div class=\"elementor-element elementor-element-5a8a50b elementor-widget elementor-widget-spacer\" data-id=\"5a8a50b\" data-element_type=\"widget\" data-e-type=\"widget\" data-widget_type=\"spacer.default\">\n\t\t\t\t<div class=\"elementor-widget-container\">\n\t\t\t\t\t\t\t<div class=\"elementor-spacer\">\n\t\t\t<div class=\"elementor-spacer-inner\"><\/div>\n\t\t<\/div>\n\t\t\t\t\t\t<\/div>\n\t\t\t\t<\/div>\n\t\t\t\t\t<\/div>\n\t\t\t\t<\/div>\n\t\t<div class=\"elementor-element elementor-element-240d185 e-flex e-con-boxed e-con e-parent\" data-id=\"240d185\" data-element_type=\"container\" data-e-type=\"container\" data-settings=\"{&quot;background_background&quot;:&quot;classic&quot;}\">\n\t\t\t\t\t<div class=\"e-con-inner\">\n\t\t\t\t<div class=\"elementor-element elementor-element-2d18cd5 elementor-widget elementor-widget-spacer\" data-id=\"2d18cd5\" data-element_type=\"widget\" data-e-type=\"widget\" data-widget_type=\"spacer.default\">\n\t\t\t\t<div class=\"elementor-widget-container\">\n\t\t\t\t\t\t\t<div class=\"elementor-spacer\">\n\t\t\t<div class=\"elementor-spacer-inner\"><\/div>\n\t\t<\/div>\n\t\t\t\t\t\t<\/div>\n\t\t\t\t<\/div>\n\t\t<div class=\"elementor-element elementor-element-d4bba92 e-con-full e-flex e-con e-child\" data-id=\"d4bba92\" data-element_type=\"container\" data-e-type=\"container\">\n\t\t\t\t<div class=\"elementor-element elementor-element-640af52 elementor-widget elementor-widget-heading\" data-id=\"640af52\" data-element_type=\"widget\" data-e-type=\"widget\" data-widget_type=\"heading.default\">\n\t\t\t\t<div class=\"elementor-widget-container\">\n\t\t\t\t\t<h2 class=\"elementor-heading-title elementor-size-default\">NARBERO<\/h2>\t\t\t\t<\/div>\n\t\t\t\t<\/div>\n\t\t\t\t<div class=\"elementor-element elementor-element-68c2fdc elementor-widget elementor-widget-heading\" data-id=\"68c2fdc\" data-element_type=\"widget\" data-e-type=\"widget\" data-widget_type=\"heading.default\">\n\t\t\t\t<div class=\"elementor-widget-container\">\n\t\t\t\t\t<h2 class=\"elementor-heading-title elementor-size-default\">CONTRE-SENS<\/h2>\t\t\t\t<\/div>\n\t\t\t\t<\/div>\n\t\t\t\t<div class=\"elementor-element elementor-element-41ddd98 elementor-widget elementor-widget-spacer\" data-id=\"41ddd98\" data-element_type=\"widget\" data-e-type=\"widget\" data-widget_type=\"spacer.default\">\n\t\t\t\t<div class=\"elementor-widget-container\">\n\t\t\t\t\t\t\t<div class=\"elementor-spacer\">\n\t\t\t<div class=\"elementor-spacer-inner\"><\/div>\n\t\t<\/div>\n\t\t\t\t\t\t<\/div>\n\t\t\t\t<\/div>\n\t\t\t\t<div class=\"elementor-element elementor-element-51a8057 elementor-widget__width-initial elementor-widget elementor-widget-text-editor\" data-id=\"51a8057\" data-element_type=\"widget\" data-e-type=\"widget\" data-widget_type=\"text-editor.default\">\n\t\t\t\t<div class=\"elementor-widget-container\">\n\t\t\t\t\t\t\t\t\t<p data-pm-slice=\"0 0 []\">Depuis son plus jeune \u00e2ge et tout au long de sa vie artistique, Narbero est anim\u00e9 par la m\u00eame passion pour la mati\u00e8re, les couleurs, les ombres et lumi\u00e8res.<\/p><p>En 1997, il s\u2019installe \u00e0 Miami et \u00e9largit son champ artistique \u00e0 la sculpture ; c\u2019est ainsi que na\u00eetra \u00ab Dolores \u00bb. Depuis le 1er Janvier 2021, Narbero vit et travaille \u00e0 B\u00e9ziers en Occitanie. Son travail est pr\u00e9sent dans plusieurs galeries et suivi par de nombreux collectionneurs priv\u00e9s aux \u00c9tats-Unis et en Europe Narbero n\u2019a jamais cess\u00e9 d\u2019\u00eatre fascin\u00e9 par l\u2019image, et a toujours fait des photos qu\u2019il a ensuite transform\u00e9es et interpr\u00e9t\u00e9es en peintures.<\/p><p>Avec \u00ab Contre-sens \u00bb et pour la premi\u00e8re fois, il pr\u00e9sente une s\u00e9rie de 10 photos grands formats, travaill\u00e9es et re-visit\u00e9es afin qu\u2019elles ne soient pas uniquement la reproduction de ce que voit l\u2019objectif mais aussi une \u0153uvre personnelle sortie tout droit de son imaginaire.<\/p>\t\t\t\t\t\t\t\t<\/div>\n\t\t\t\t<\/div>\n\t\t\t\t<\/div>\n\t\t\t\t\t<\/div>\n\t\t\t\t<\/div>\n\t\t<div class=\"elementor-element elementor-element-6db1a16 e-flex e-con-boxed e-con e-parent\" data-id=\"6db1a16\" data-element_type=\"container\" data-e-type=\"container\" data-settings=\"{&quot;background_background&quot;:&quot;classic&quot;}\">\n\t\t\t\t\t<div class=\"e-con-inner\">\n\t\t\t\t<div class=\"elementor-element elementor-element-c01cb2c elementor-widget elementor-widget-image\" data-id=\"c01cb2c\" data-element_type=\"widget\" data-e-type=\"widget\" data-widget_type=\"image.default\">\n\t\t\t\t<div class=\"elementor-widget-container\">\n\t\t\t\t\t\t\t\t\t\t\t\t\t\t\t<img decoding=\"async\" width=\"698\" height=\"1024\" src=\"https:\/\/horscadrebeziers.fr\/wp-content\/uploads\/2025\/09\/05-NARBERO-e1758631281121-698x1024.jpg\" class=\"attachment-large size-large wp-image-813\" alt=\"\" srcset=\"https:\/\/horscadrebeziers.fr\/wp-content\/uploads\/2025\/09\/05-NARBERO-e1758631281121-698x1024.jpg 698w, https:\/\/horscadrebeziers.fr\/wp-content\/uploads\/2025\/09\/05-NARBERO-e1758631281121-205x300.jpg 205w, https:\/\/horscadrebeziers.fr\/wp-content\/uploads\/2025\/09\/05-NARBERO-e1758631281121-768x1126.jpg 768w, https:\/\/horscadrebeziers.fr\/wp-content\/uploads\/2025\/09\/05-NARBERO-e1758631281121-1047x1536.jpg 1047w, https:\/\/horscadrebeziers.fr\/wp-content\/uploads\/2025\/09\/05-NARBERO-e1758631281121.jpg 1162w\" sizes=\"(max-width: 698px) 100vw, 698px\" \/>\t\t\t\t\t\t\t\t\t\t\t\t\t\t\t<\/div>\n\t\t\t\t<\/div>\n\t\t\t\t<div class=\"elementor-element elementor-element-1cc97ef elementor-widget elementor-widget-spacer\" data-id=\"1cc97ef\" data-element_type=\"widget\" data-e-type=\"widget\" data-widget_type=\"spacer.default\">\n\t\t\t\t<div class=\"elementor-widget-container\">\n\t\t\t\t\t\t\t<div class=\"elementor-spacer\">\n\t\t\t<div class=\"elementor-spacer-inner\"><\/div>\n\t\t<\/div>\n\t\t\t\t\t\t<\/div>\n\t\t\t\t<\/div>\n\t\t\t\t<div class=\"elementor-element elementor-element-c064d77 elementor-widget elementor-widget-spacer\" data-id=\"c064d77\" data-element_type=\"widget\" data-e-type=\"widget\" data-widget_type=\"spacer.default\">\n\t\t\t\t<div class=\"elementor-widget-container\">\n\t\t\t\t\t\t\t<div class=\"elementor-spacer\">\n\t\t\t<div class=\"elementor-spacer-inner\"><\/div>\n\t\t<\/div>\n\t\t\t\t\t\t<\/div>\n\t\t\t\t<\/div>\n\t\t\t\t\t<\/div>\n\t\t\t\t<\/div>\n\t\t<div class=\"elementor-element elementor-element-262a126 e-flex e-con-boxed e-con e-parent\" data-id=\"262a126\" data-element_type=\"container\" data-e-type=\"container\" data-settings=\"{&quot;background_background&quot;:&quot;classic&quot;}\">\n\t\t\t\t\t<div class=\"e-con-inner\">\n\t\t<div class=\"elementor-element elementor-element-f753b5e e-con-full e-flex e-con e-child\" data-id=\"f753b5e\" data-element_type=\"container\" data-e-type=\"container\">\n\t\t\t\t<div class=\"elementor-element elementor-element-daff0de elementor-widget elementor-widget-heading\" data-id=\"daff0de\" data-element_type=\"widget\" data-e-type=\"widget\" data-widget_type=\"heading.default\">\n\t\t\t\t<div class=\"elementor-widget-container\">\n\t\t\t\t\t<h2 class=\"elementor-heading-title elementor-size-default\">STELLA BASTART<\/h2>\t\t\t\t<\/div>\n\t\t\t\t<\/div>\n\t\t\t\t<div class=\"elementor-element elementor-element-ebd8623 elementor-widget elementor-widget-heading\" data-id=\"ebd8623\" data-element_type=\"widget\" data-e-type=\"widget\" data-widget_type=\"heading.default\">\n\t\t\t\t<div class=\"elementor-widget-container\">\n\t\t\t\t\t<h2 class=\"elementor-heading-title elementor-size-default\">LIVE OR EVIL<\/h2>\t\t\t\t<\/div>\n\t\t\t\t<\/div>\n\t\t\t\t<div class=\"elementor-element elementor-element-330bdc3 elementor-widget elementor-widget-spacer\" data-id=\"330bdc3\" data-element_type=\"widget\" data-e-type=\"widget\" data-widget_type=\"spacer.default\">\n\t\t\t\t<div class=\"elementor-widget-container\">\n\t\t\t\t\t\t\t<div class=\"elementor-spacer\">\n\t\t\t<div class=\"elementor-spacer-inner\"><\/div>\n\t\t<\/div>\n\t\t\t\t\t\t<\/div>\n\t\t\t\t<\/div>\n\t\t\t\t<div class=\"elementor-element elementor-element-ebf2e3e elementor-widget__width-initial elementor-widget elementor-widget-text-editor\" data-id=\"ebf2e3e\" data-element_type=\"widget\" data-e-type=\"widget\" data-widget_type=\"text-editor.default\">\n\t\t\t\t<div class=\"elementor-widget-container\">\n\t\t\t\t\t\t\t\t\t<p data-pm-slice=\"0 0 []\">Stella Bastart est une photo-cin\u00e9aste internationale, d\u2019origine colombienne, et une artiste transdisciplinaire, actuellement bas\u00e9e entre Boston, MA, et la Provence, France.<\/p><p>Sa pratique est centr\u00e9e sur la destruction et la cr\u00e9ation de sens \u00e0 travers le film exp\u00e9rimental, le son et l&rsquo;art visuel. En grattant directement sur des films 16 mm, elle transforme les traumatismes en compositions visc\u00e9rales et rythmiques qui refl\u00e8tent \u00e0 la fois la lib\u00e9ration \u00e9motionnelle et la gu\u00e9rison.<\/p><p>Elle explore les th\u00e8mes de la douleur, de la survie et de l&rsquo;identit\u00e9, en utilisant le langage, la subversion et les jeux de mots pour aborder les complexit\u00e9s de l&rsquo;exp\u00e9rience humaine.<\/p>\t\t\t\t\t\t\t\t<\/div>\n\t\t\t\t<\/div>\n\t\t\t\t<\/div>\n\t\t\t\t\t<\/div>\n\t\t\t\t<\/div>\n\t\t<div class=\"elementor-element elementor-element-7c1dceb e-flex e-con-boxed e-con e-parent\" data-id=\"7c1dceb\" data-element_type=\"container\" data-e-type=\"container\" data-settings=\"{&quot;background_background&quot;:&quot;classic&quot;}\">\n\t\t\t\t\t<div class=\"e-con-inner\">\n\t\t\t\t<div class=\"elementor-element elementor-element-cca8db3 elementor-widget elementor-widget-image\" data-id=\"cca8db3\" data-element_type=\"widget\" data-e-type=\"widget\" data-widget_type=\"image.default\">\n\t\t\t\t<div class=\"elementor-widget-container\">\n\t\t\t\t\t\t\t\t\t\t\t\t\t\t\t<img loading=\"lazy\" decoding=\"async\" width=\"800\" height=\"608\" src=\"https:\/\/horscadrebeziers.fr\/wp-content\/uploads\/2025\/09\/05-STELLA-1024x778.jpeg\" class=\"attachment-large size-large wp-image-829\" alt=\"\" srcset=\"https:\/\/horscadrebeziers.fr\/wp-content\/uploads\/2025\/09\/05-STELLA-1024x778.jpeg 1024w, https:\/\/horscadrebeziers.fr\/wp-content\/uploads\/2025\/09\/05-STELLA-300x228.jpeg 300w, https:\/\/horscadrebeziers.fr\/wp-content\/uploads\/2025\/09\/05-STELLA-768x583.jpeg 768w, https:\/\/horscadrebeziers.fr\/wp-content\/uploads\/2025\/09\/05-STELLA-1536x1166.jpeg 1536w, https:\/\/horscadrebeziers.fr\/wp-content\/uploads\/2025\/09\/05-STELLA.jpeg 1654w\" sizes=\"(max-width: 800px) 100vw, 800px\" \/>\t\t\t\t\t\t\t\t\t\t\t\t\t\t\t<\/div>\n\t\t\t\t<\/div>\n\t\t\t\t<div class=\"elementor-element elementor-element-b02bcc5 elementor-widget elementor-widget-spacer\" data-id=\"b02bcc5\" data-element_type=\"widget\" data-e-type=\"widget\" data-widget_type=\"spacer.default\">\n\t\t\t\t<div class=\"elementor-widget-container\">\n\t\t\t\t\t\t\t<div class=\"elementor-spacer\">\n\t\t\t<div class=\"elementor-spacer-inner\"><\/div>\n\t\t<\/div>\n\t\t\t\t\t\t<\/div>\n\t\t\t\t<\/div>\n\t\t\t\t<div class=\"elementor-element elementor-element-4e80d05 elementor-align-center elementor-widget elementor-widget-button\" data-id=\"4e80d05\" data-element_type=\"widget\" data-e-type=\"widget\" data-widget_type=\"button.default\">\n\t\t\t\t<div class=\"elementor-widget-container\">\n\t\t\t\t\t\t\t\t\t<div class=\"elementor-button-wrapper\">\n\t\t\t\t\t<a class=\"elementor-button elementor-button-link elementor-size-sm\" href=\"https:\/\/horscadrebeziers.fr\/index.php\/exposition\/\">\n\t\t\t\t\t\t<span class=\"elementor-button-content-wrapper\">\n\t\t\t\t\t\t<span class=\"elementor-button-icon\">\n\t\t\t\t<svg aria-hidden=\"true\" class=\"e-font-icon-svg e-fas-map-pin\" viewBox=\"0 0 288 512\" xmlns=\"http:\/\/www.w3.org\/2000\/svg\"><path d=\"M112 316.94v156.69l22.02 33.02c4.75 7.12 15.22 7.12 19.97 0L176 473.63V316.94c-10.39 1.92-21.06 3.06-32 3.06s-21.61-1.14-32-3.06zM144 0C64.47 0 0 64.47 0 144s64.47 144 144 144 144-64.47 144-144S223.53 0 144 0zm0 76c-37.5 0-68 30.5-68 68 0 6.62-5.38 12-12 12s-12-5.38-12-12c0-50.73 41.28-92 92-92 6.62 0 12 5.38 12 12s-5.38 12-12 12z\"><\/path><\/svg>\t\t\t<\/span>\n\t\t\t\t\t\t\t\t\t<span class=\"elementor-button-text\">Voir tous les lieux<\/span>\n\t\t\t\t\t<\/span>\n\t\t\t\t\t<\/a>\n\t\t\t\t<\/div>\n\t\t\t\t\t\t\t\t<\/div>\n\t\t\t\t<\/div>\n\t\t\t\t<div class=\"elementor-element elementor-element-c62b5dd elementor-widget elementor-widget-spacer\" data-id=\"c62b5dd\" data-element_type=\"widget\" data-e-type=\"widget\" data-widget_type=\"spacer.default\">\n\t\t\t\t<div class=\"elementor-widget-container\">\n\t\t\t\t\t\t\t<div class=\"elementor-spacer\">\n\t\t\t<div class=\"elementor-spacer-inner\"><\/div>\n\t\t<\/div>\n\t\t\t\t\t\t<\/div>\n\t\t\t\t<\/div>\n\t\t\t\t\t<\/div>\n\t\t\t\t<\/div>\n\t\t\t\t<\/div>\n\t\t","protected":false},"excerpt":{"rendered":"<p>EXPOS 5\/ ESPACE D&rsquo;ART NARBERO Install\u00e9 \u00e0 B\u00e9ziers depuis 4 ans, l&rsquo;artiste Narbero, a ouvert son propre espace d&rsquo;art avec une exposition permanente de son travail.\u00a0\u00a0En dehors des expositions personnelles et temporaires en France, aux \u00c9tats-Unis et en Espagne, Narbero propose ses nouvelles cr\u00e9ations et accueille des artistes.\u00a014 Rue du 4 septembre &#8211; B\u00e9ziers DU [&hellip;]<\/p>\n","protected":false},"author":1,"featured_media":0,"parent":0,"menu_order":0,"comment_status":"closed","ping_status":"closed","template":"elementor_header_footer","meta":{"footnotes":""},"class_list":["post-811","page","type-page","status-publish","hentry"],"_links":{"self":[{"href":"https:\/\/horscadrebeziers.fr\/index.php\/wp-json\/wp\/v2\/pages\/811","targetHints":{"allow":["GET"]}}],"collection":[{"href":"https:\/\/horscadrebeziers.fr\/index.php\/wp-json\/wp\/v2\/pages"}],"about":[{"href":"https:\/\/horscadrebeziers.fr\/index.php\/wp-json\/wp\/v2\/types\/page"}],"author":[{"embeddable":true,"href":"https:\/\/horscadrebeziers.fr\/index.php\/wp-json\/wp\/v2\/users\/1"}],"replies":[{"embeddable":true,"href":"https:\/\/horscadrebeziers.fr\/index.php\/wp-json\/wp\/v2\/comments?post=811"}],"version-history":[{"count":25,"href":"https:\/\/horscadrebeziers.fr\/index.php\/wp-json\/wp\/v2\/pages\/811\/revisions"}],"predecessor-version":[{"id":1410,"href":"https:\/\/horscadrebeziers.fr\/index.php\/wp-json\/wp\/v2\/pages\/811\/revisions\/1410"}],"wp:attachment":[{"href":"https:\/\/horscadrebeziers.fr\/index.php\/wp-json\/wp\/v2\/media?parent=811"}],"curies":[{"name":"wp","href":"https:\/\/api.w.org\/{rel}","templated":true}]}}