{"id":920,"date":"2025-09-23T15:51:07","date_gmt":"2025-09-23T13:51:07","guid":{"rendered":"https:\/\/horscadrebeziers.fr\/?page_id=920"},"modified":"2025-10-13T14:28:27","modified_gmt":"2025-10-13T12:28:27","slug":"exposition-17","status":"publish","type":"page","link":"https:\/\/horscadrebeziers.fr\/index.php\/exposition-17\/","title":{"rendered":"Exposition 17"},"content":{"rendered":"\t\t<div data-elementor-type=\"wp-page\" data-elementor-id=\"920\" class=\"elementor elementor-920\" data-elementor-post-type=\"page\">\n\t\t\t\t<div class=\"elementor-element elementor-element-c1bb374 e-flex e-con-boxed e-con e-parent\" data-id=\"c1bb374\" data-element_type=\"container\" data-e-type=\"container\">\n\t\t\t\t\t<div class=\"e-con-inner\">\n\t\t<div class=\"elementor-element elementor-element-e950db9 e-con-full e-flex e-con e-child\" data-id=\"e950db9\" data-element_type=\"container\" data-e-type=\"container\">\n\t\t\t\t<div class=\"elementor-element elementor-element-caf5a4d elementor-widget elementor-widget-spacer\" data-id=\"caf5a4d\" data-element_type=\"widget\" data-e-type=\"widget\" data-widget_type=\"spacer.default\">\n\t\t\t\t<div class=\"elementor-widget-container\">\n\t\t\t\t\t\t\t<div class=\"elementor-spacer\">\n\t\t\t<div class=\"elementor-spacer-inner\"><\/div>\n\t\t<\/div>\n\t\t\t\t\t\t<\/div>\n\t\t\t\t<\/div>\n\t\t\t\t<div class=\"elementor-element elementor-element-ad5427c elementor-widget elementor-widget-text-editor\" data-id=\"ad5427c\" data-element_type=\"widget\" data-e-type=\"widget\" data-widget_type=\"text-editor.default\">\n\t\t\t\t<div class=\"elementor-widget-container\">\n\t\t\t\t\t\t\t\t\t<p>EXPOS<\/p>\t\t\t\t\t\t\t\t<\/div>\n\t\t\t\t<\/div>\n\t\t\t\t<div class=\"elementor-element elementor-element-4ad0979 elementor-widget elementor-widget-spacer\" data-id=\"4ad0979\" data-element_type=\"widget\" data-e-type=\"widget\" data-widget_type=\"spacer.default\">\n\t\t\t\t<div class=\"elementor-widget-container\">\n\t\t\t\t\t\t\t<div class=\"elementor-spacer\">\n\t\t\t<div class=\"elementor-spacer-inner\"><\/div>\n\t\t<\/div>\n\t\t\t\t\t\t<\/div>\n\t\t\t\t<\/div>\n\t\t\t\t<\/div>\n\t\t\t\t\t<\/div>\n\t\t\t\t<\/div>\n\t\t<div class=\"elementor-element elementor-element-aad0a8a e-flex e-con-boxed e-con e-parent\" data-id=\"aad0a8a\" data-element_type=\"container\" data-e-type=\"container\">\n\t\t\t\t\t<div class=\"e-con-inner\">\n\t\t<div class=\"elementor-element elementor-element-5ee959c e-con-full e-flex e-con e-child\" data-id=\"5ee959c\" data-element_type=\"container\" data-e-type=\"container\">\n\t\t<div class=\"elementor-element elementor-element-dcc6519 e-con-full e-flex e-con e-child\" data-id=\"dcc6519\" data-element_type=\"container\" data-e-type=\"container\">\n\t\t\t\t<div class=\"elementor-element elementor-element-5fb59fa elementor-widget elementor-widget-heading\" data-id=\"5fb59fa\" data-element_type=\"widget\" data-e-type=\"widget\" data-widget_type=\"heading.default\">\n\t\t\t\t<div class=\"elementor-widget-container\">\n\t\t\t\t\t<h2 class=\"elementor-heading-title elementor-size-default\">17\/ TH\u00c9\u00c2TRE MINOTAURE<\/h2>\t\t\t\t<\/div>\n\t\t\t\t<\/div>\n\t\t\t\t<div class=\"elementor-element elementor-element-7630f6a elementor-widget elementor-widget-text-editor\" data-id=\"7630f6a\" data-element_type=\"widget\" data-e-type=\"widget\" data-widget_type=\"text-editor.default\">\n\t\t\t\t<div class=\"elementor-widget-container\">\n\t\t\t\t\t\t\t\t\t<div><span data-olk-copy-source=\"MessageBody\">HAUT LIEU DE LA CULTURE AU D\u00c9BUT DU XXe SI\u00c8CLE<\/span><\/div>\t\t\t\t\t\t\t\t<\/div>\n\t\t\t\t<\/div>\n\t\t\t\t<\/div>\n\t\t\t\t<div class=\"elementor-element elementor-element-f2874df elementor-widget__width-initial elementor-widget elementor-widget-text-editor\" data-id=\"f2874df\" data-element_type=\"widget\" data-e-type=\"widget\" data-widget_type=\"text-editor.default\">\n\t\t\t\t<div class=\"elementor-widget-container\">\n\t\t\t\t\t\t\t\t\t<div><div><p data-olk-copy-source=\"MessageBody\">Le Th\u00e9\u00e2tre du Minotaure \u00e9tait inaugur\u00e9 le 11\u00a0novembre\u00a01898 afin d\u2019accueillir les concerts de la Chambre musicale, dont la vocation \u00e9tait\u00a0de faire conna\u00eetre \u00e0 B\u00e9ziers des artistes internationaux et des compositeurs contemporains.\u00a0<\/p><\/div>La Mission Patrimoine pour la sauvegarde du patrimoine en p\u00e9ril, port\u00e9e par St\u00e9phane Bern, a\u00a0d\u00e9voil\u00e9\u00a0les 5 projets d\u00e9partementaux s\u00e9lectionn\u00e9s en Occitanie M\u00e9diterran\u00e9e.\u00a0<\/div><div>Parmi eux, le Th\u00e9\u00e2tre du Minotaure \u00e0\u00a0B\u00e9ziers va b\u00e9n\u00e9ficier d\u2019un soutien financier dont le montant sera annonc\u00e9 en fin d\u2019ann\u00e9e. Une enveloppe qui va permettre de redynamiser ce site historique afin qu\u2019il redevienne\u00a0un haut lieu culturel biterrois.<\/div><div>\u00a0<\/div><div><p align=\"left\"><strong>15 Rue Solf\u00e9rino, B\u00e9ziers<\/strong><\/p><\/div>\t\t\t\t\t\t\t\t<\/div>\n\t\t\t\t<\/div>\n\t\t\t\t<\/div>\n\t\t<div class=\"elementor-element elementor-element-e4b262b e-con-full e-flex e-con e-child\" data-id=\"e4b262b\" data-element_type=\"container\" data-e-type=\"container\">\n\t\t\t\t<div class=\"elementor-element elementor-element-faa5a82 elementor-widget elementor-widget-image\" data-id=\"faa5a82\" data-element_type=\"widget\" data-e-type=\"widget\" data-widget_type=\"image.default\">\n\t\t\t\t<div class=\"elementor-widget-container\">\n\t\t\t\t\t\t\t\t\t\t\t\t\t\t\t<img fetchpriority=\"high\" decoding=\"async\" width=\"712\" height=\"580\" src=\"https:\/\/horscadrebeziers.fr\/wp-content\/uploads\/2025\/09\/17-MINOTAURE.jpg\" class=\"attachment-large size-large wp-image-1046\" alt=\"\" srcset=\"https:\/\/horscadrebeziers.fr\/wp-content\/uploads\/2025\/09\/17-MINOTAURE.jpg 712w, https:\/\/horscadrebeziers.fr\/wp-content\/uploads\/2025\/09\/17-MINOTAURE-300x244.jpg 300w\" sizes=\"(max-width: 712px) 100vw, 712px\" \/>\t\t\t\t\t\t\t\t\t\t\t\t\t\t\t<\/div>\n\t\t\t\t<\/div>\n\t\t\t\t<\/div>\n\t\t\t\t\t<\/div>\n\t\t\t\t<\/div>\n\t\t<div class=\"elementor-element elementor-element-05471d8 e-flex e-con-boxed e-con e-parent\" data-id=\"05471d8\" data-element_type=\"container\" data-e-type=\"container\">\n\t\t\t\t\t<div class=\"e-con-inner\">\n\t\t\t\t<div class=\"elementor-element elementor-element-b1a3927 elementor-widget__width-initial elementor-widget elementor-widget-image\" data-id=\"b1a3927\" data-element_type=\"widget\" data-e-type=\"widget\" data-widget_type=\"image.default\">\n\t\t\t\t<div class=\"elementor-widget-container\">\n\t\t\t\t\t\t\t\t\t\t\t\t\t\t\t<img decoding=\"async\" width=\"381\" height=\"382\" src=\"https:\/\/horscadrebeziers.fr\/wp-content\/uploads\/2025\/09\/horloge.png\" class=\"attachment-full size-full wp-image-544\" alt=\"\" srcset=\"https:\/\/horscadrebeziers.fr\/wp-content\/uploads\/2025\/09\/horloge.png 381w, https:\/\/horscadrebeziers.fr\/wp-content\/uploads\/2025\/09\/horloge-300x300.png 300w, https:\/\/horscadrebeziers.fr\/wp-content\/uploads\/2025\/09\/horloge-150x150.png 150w\" sizes=\"(max-width: 381px) 100vw, 381px\" \/>\t\t\t\t\t\t\t\t\t\t\t\t\t\t\t<\/div>\n\t\t\t\t<\/div>\n\t\t\t\t<div class=\"elementor-element elementor-element-69fe78f elementor-widget elementor-widget-text-editor\" data-id=\"69fe78f\" data-element_type=\"widget\" data-e-type=\"widget\" data-widget_type=\"text-editor.default\">\n\t\t\t\t<div class=\"elementor-widget-container\">\n\t\t\t\t\t\t\t\t\t<p align=\"left\">JEU et VEN : 15h-19h &#8211; SAM (et DIM 12 OCT) : 10h-19h<\/p>\n<strong>D\u00e9crochage LE 2 Novembre<\/strong>\t\t\t\t\t\t\t\t<\/div>\n\t\t\t\t<\/div>\n\t\t\t\t\t<\/div>\n\t\t\t\t<\/div>\n\t\t<div class=\"elementor-element elementor-element-8385257 e-flex e-con-boxed e-con e-parent\" data-id=\"8385257\" data-element_type=\"container\" data-e-type=\"container\">\n\t\t\t\t\t<div class=\"e-con-inner\">\n\t\t\t\t<div class=\"elementor-element elementor-element-f51f408 elementor-widget elementor-widget-spacer\" data-id=\"f51f408\" data-element_type=\"widget\" data-e-type=\"widget\" data-widget_type=\"spacer.default\">\n\t\t\t\t<div class=\"elementor-widget-container\">\n\t\t\t\t\t\t\t<div class=\"elementor-spacer\">\n\t\t\t<div class=\"elementor-spacer-inner\"><\/div>\n\t\t<\/div>\n\t\t\t\t\t\t<\/div>\n\t\t\t\t<\/div>\n\t\t\t\t\t<\/div>\n\t\t\t\t<\/div>\n\t\t<div class=\"elementor-element elementor-element-f77bc99 e-flex e-con-boxed e-con e-parent\" data-id=\"f77bc99\" data-element_type=\"container\" data-e-type=\"container\" data-settings=\"{&quot;background_background&quot;:&quot;classic&quot;}\">\n\t\t\t\t\t<div class=\"e-con-inner\">\n\t\t\t\t<div class=\"elementor-element elementor-element-4aaa9b3 elementor-widget elementor-widget-spacer\" data-id=\"4aaa9b3\" data-element_type=\"widget\" data-e-type=\"widget\" data-widget_type=\"spacer.default\">\n\t\t\t\t<div class=\"elementor-widget-container\">\n\t\t\t\t\t\t\t<div class=\"elementor-spacer\">\n\t\t\t<div class=\"elementor-spacer-inner\"><\/div>\n\t\t<\/div>\n\t\t\t\t\t\t<\/div>\n\t\t\t\t<\/div>\n\t\t<div class=\"elementor-element elementor-element-ac8905d e-con-full e-flex e-con e-child\" data-id=\"ac8905d\" data-element_type=\"container\" data-e-type=\"container\">\n\t\t\t\t<div class=\"elementor-element elementor-element-bf9cb9d elementor-widget elementor-widget-heading\" data-id=\"bf9cb9d\" data-element_type=\"widget\" data-e-type=\"widget\" data-widget_type=\"heading.default\">\n\t\t\t\t<div class=\"elementor-widget-container\">\n\t\t\t\t\t<h2 class=\"elementor-heading-title elementor-size-default\">NICOLAS REBOUL<\/h2>\t\t\t\t<\/div>\n\t\t\t\t<\/div>\n\t\t\t\t<div class=\"elementor-element elementor-element-c159cab elementor-widget elementor-widget-heading\" data-id=\"c159cab\" data-element_type=\"widget\" data-e-type=\"widget\" data-widget_type=\"heading.default\">\n\t\t\t\t<div class=\"elementor-widget-container\">\n\t\t\t\t\t<h2 class=\"elementor-heading-title elementor-size-default\">HORS SAISON, UTILIT\u00c9S PERDUES, D\u00c9RIVES<\/h2>\t\t\t\t<\/div>\n\t\t\t\t<\/div>\n\t\t\t\t<div class=\"elementor-element elementor-element-a161022 elementor-widget elementor-widget-spacer\" data-id=\"a161022\" data-element_type=\"widget\" data-e-type=\"widget\" data-widget_type=\"spacer.default\">\n\t\t\t\t<div class=\"elementor-widget-container\">\n\t\t\t\t\t\t\t<div class=\"elementor-spacer\">\n\t\t\t<div class=\"elementor-spacer-inner\"><\/div>\n\t\t<\/div>\n\t\t\t\t\t\t<\/div>\n\t\t\t\t<\/div>\n\t\t\t\t<div class=\"elementor-element elementor-element-b2efdb8 elementor-widget__width-initial elementor-widget elementor-widget-text-editor\" data-id=\"b2efdb8\" data-element_type=\"widget\" data-e-type=\"widget\" data-widget_type=\"text-editor.default\">\n\t\t\t\t<div class=\"elementor-widget-container\">\n\t\t\t\t\t\t\t\t\t<p data-pm-slice=\"0 0 []\">\u00c0 travers ma carri\u00e8re de photographe, j\u2019ai explor\u00e9 diverses exp\u00e9riences. Dans un premier temps, en travaillant comme assistant d\u2019un portraitiste et photographe industriel.<\/p><p>Par la suite, j\u2019ai r\u00e9alis\u00e9 des images pour des magazines obtenant des parutions. N\u2019\u00e9tant pas satisfait de ma pratique, j\u2019ai int\u00e9gr\u00e9 l\u2019atelier Images Ouvertes sous la direction de Serge Gal et Bernard Plossu.<\/p><p>Vivant sur les rives de la M\u00e9diterran\u00e9e, haut lieu du tourisme de masse, j\u2019ai orient\u00e9 mon travail sur la cr\u00e9ation de s\u00e9ries d\u2019images r\u00e9pertoriant des objets oubli\u00e9s ou abandonn\u00e9s, en ayant comme d\u00e9marche le minimalisme photographique.<\/p><p>Ce travail consiste \u00e0 mettre en lumi\u00e8re les paradoxes de notre soci\u00e9t\u00e9, un \u00e9tat des lieux de notre paysage m\u00e9diterran\u00e9en tourn\u00e9 vers un d\u00e9veloppement intensif du tourisme et de ses cons\u00e9quences.<\/p><p>Le photographe en tant que t\u00e9moin de son temps a, je crois, pour mission d\u2019\u00eatre un catalyseur d\u2019une prise de conscience maintenant devenue \u201cune urgence vitale\u201d.<\/p>\t\t\t\t\t\t\t\t<\/div>\n\t\t\t\t<\/div>\n\t\t\t\t<\/div>\n\t\t\t\t\t<\/div>\n\t\t\t\t<\/div>\n\t\t<div class=\"elementor-element elementor-element-aa21155 e-flex e-con-boxed e-con e-parent\" data-id=\"aa21155\" data-element_type=\"container\" data-e-type=\"container\" data-settings=\"{&quot;background_background&quot;:&quot;classic&quot;}\">\n\t\t\t\t\t<div class=\"e-con-inner\">\n\t\t\t\t<div class=\"elementor-element elementor-element-5562ce7 elementor-widget elementor-widget-image\" data-id=\"5562ce7\" data-element_type=\"widget\" data-e-type=\"widget\" data-widget_type=\"image.default\">\n\t\t\t\t<div class=\"elementor-widget-container\">\n\t\t\t\t\t\t\t\t\t\t\t\t\t\t\t<img decoding=\"async\" width=\"800\" height=\"799\" src=\"https:\/\/horscadrebeziers.fr\/wp-content\/uploads\/2025\/09\/17-REBOUL-5-copie.jpg\" class=\"attachment-large size-large wp-image-925\" alt=\"\" srcset=\"https:\/\/horscadrebeziers.fr\/wp-content\/uploads\/2025\/09\/17-REBOUL-5-copie.jpg 1722w, https:\/\/horscadrebeziers.fr\/wp-content\/uploads\/2025\/09\/17-REBOUL-5-copie-300x300.jpg 300w\" sizes=\"(max-width: 800px) 100vw, 800px\" \/>\t\t\t\t\t\t\t\t\t\t\t\t\t\t\t<\/div>\n\t\t\t\t<\/div>\n\t\t\t\t<div class=\"elementor-element elementor-element-97731d9 elementor-widget elementor-widget-spacer\" data-id=\"97731d9\" data-element_type=\"widget\" data-e-type=\"widget\" data-widget_type=\"spacer.default\">\n\t\t\t\t<div class=\"elementor-widget-container\">\n\t\t\t\t\t\t\t<div class=\"elementor-spacer\">\n\t\t\t<div class=\"elementor-spacer-inner\"><\/div>\n\t\t<\/div>\n\t\t\t\t\t\t<\/div>\n\t\t\t\t<\/div>\n\t\t\t\t<div class=\"elementor-element elementor-element-0069989 elementor-widget elementor-widget-spacer\" data-id=\"0069989\" data-element_type=\"widget\" data-e-type=\"widget\" data-widget_type=\"spacer.default\">\n\t\t\t\t<div class=\"elementor-widget-container\">\n\t\t\t\t\t\t\t<div class=\"elementor-spacer\">\n\t\t\t<div class=\"elementor-spacer-inner\"><\/div>\n\t\t<\/div>\n\t\t\t\t\t\t<\/div>\n\t\t\t\t<\/div>\n\t\t\t\t\t<\/div>\n\t\t\t\t<\/div>\n\t\t<div class=\"elementor-element elementor-element-6c7da7f e-flex e-con-boxed e-con e-parent\" data-id=\"6c7da7f\" data-element_type=\"container\" data-e-type=\"container\" data-settings=\"{&quot;background_background&quot;:&quot;classic&quot;}\">\n\t\t\t\t\t<div class=\"e-con-inner\">\n\t\t<div class=\"elementor-element elementor-element-4143ed7 e-con-full e-flex e-con e-child\" data-id=\"4143ed7\" data-element_type=\"container\" data-e-type=\"container\">\n\t\t\t\t<div class=\"elementor-element elementor-element-d38c287 elementor-widget elementor-widget-heading\" data-id=\"d38c287\" data-element_type=\"widget\" data-e-type=\"widget\" data-widget_type=\"heading.default\">\n\t\t\t\t<div class=\"elementor-widget-container\">\n\t\t\t\t\t<h2 class=\"elementor-heading-title elementor-size-default\">FLORIAN SANNA<\/h2>\t\t\t\t<\/div>\n\t\t\t\t<\/div>\n\t\t\t\t<div class=\"elementor-element elementor-element-d5b6665 elementor-widget elementor-widget-heading\" data-id=\"d5b6665\" data-element_type=\"widget\" data-e-type=\"widget\" data-widget_type=\"heading.default\">\n\t\t\t\t<div class=\"elementor-widget-container\">\n\t\t\t\t\t<h2 class=\"elementor-heading-title elementor-size-default\">MAUVAIZ\u00c9L\u00c8VE <\/h2>\t\t\t\t<\/div>\n\t\t\t\t<\/div>\n\t\t\t\t<div class=\"elementor-element elementor-element-305543c elementor-widget elementor-widget-spacer\" data-id=\"305543c\" data-element_type=\"widget\" data-e-type=\"widget\" data-widget_type=\"spacer.default\">\n\t\t\t\t<div class=\"elementor-widget-container\">\n\t\t\t\t\t\t\t<div class=\"elementor-spacer\">\n\t\t\t<div class=\"elementor-spacer-inner\"><\/div>\n\t\t<\/div>\n\t\t\t\t\t\t<\/div>\n\t\t\t\t<\/div>\n\t\t\t\t<div class=\"elementor-element elementor-element-c13b2ae elementor-widget__width-initial elementor-widget elementor-widget-text-editor\" data-id=\"c13b2ae\" data-element_type=\"widget\" data-e-type=\"widget\" data-widget_type=\"text-editor.default\">\n\t\t\t\t<div class=\"elementor-widget-container\">\n\t\t\t\t\t\t\t\t\t<p data-pm-slice=\"0 0 []\">Mauvaiz\u00e9l\u00e8ve est une s\u00e9rie photographique construite comme un parcours initiatique \u00e0 travers les marges. \u00a0Elle suit un personnage silencieux et introspectif qui cherche \u00e0 comprendre qui il est, loin des diktats de la soci\u00e9t\u00e9, \u00a0des normes \u00e9troites et des \u00e9tiquettes trop vite coll\u00e9es. \u00a0Ce projet raconte moins une chute qu\u2019un redressement, \u00a0une reconqu\u00eate de soi. \u00a0<\/p><p>Chaque image agit comme un fragment de ce voyage : un arr\u00eat dans un monde mental ou symbolique, une pause face \u00e0 une soci\u00e9t\u00e9 qui pousse \u00e0 se fondre dans la masse. Mais au c\u0153ur de ces cadres parfois sombres ou oppressants, une lumi\u00e8re subsiste toujours. Elle est discr\u00e8te, mais tenace, comme l\u2019espoir que rien n\u2019est fig\u00e9, que chacun peut devenir pleinement ce qu\u2019il est. \u00a0<\/p><p>Le personnage de Mauvaiz\u00e9l\u00e8ve incarne cette tension entre l\u2019ombre et la lumi\u00e8re, entre conformisme et affirmation de soi. Il porte les blessures de l\u2019exclusion mais choisit de ne pas s\u2019y r\u00e9duire. Ses gestes, ses silences, son regard deviennent des actes de r\u00e9sistance douce et de transformation. Ce n\u2019est pas un combat frontal, mais une mani\u00e8re po\u00e9tique et visuelle de dire : \u201cJ\u2019existe. Vous existez. Devenez qui vous \u00eates.\u201d<\/p>\t\t\t\t\t\t\t\t<\/div>\n\t\t\t\t<\/div>\n\t\t\t\t<\/div>\n\t\t\t\t\t<\/div>\n\t\t\t\t<\/div>\n\t\t<div class=\"elementor-element elementor-element-60e6687 e-flex e-con-boxed e-con e-parent\" data-id=\"60e6687\" data-element_type=\"container\" data-e-type=\"container\" data-settings=\"{&quot;background_background&quot;:&quot;classic&quot;}\">\n\t\t\t\t\t<div class=\"e-con-inner\">\n\t\t\t\t<div class=\"elementor-element elementor-element-df8d37f elementor-widget elementor-widget-image\" data-id=\"df8d37f\" data-element_type=\"widget\" data-e-type=\"widget\" data-widget_type=\"image.default\">\n\t\t\t\t<div class=\"elementor-widget-container\">\n\t\t\t\t\t\t\t\t\t\t\t\t\t\t\t<img loading=\"lazy\" decoding=\"async\" width=\"800\" height=\"1001\" src=\"https:\/\/horscadrebeziers.fr\/wp-content\/uploads\/2025\/09\/17-SANNA-scaled.jpg\" class=\"attachment-large size-large wp-image-926\" alt=\"\" srcset=\"https:\/\/horscadrebeziers.fr\/wp-content\/uploads\/2025\/09\/17-SANNA-scaled.jpg 2046w, https:\/\/horscadrebeziers.fr\/wp-content\/uploads\/2025\/09\/17-SANNA-240x300.jpg 240w\" sizes=\"(max-width: 800px) 100vw, 800px\" \/>\t\t\t\t\t\t\t\t\t\t\t\t\t\t\t<\/div>\n\t\t\t\t<\/div>\n\t\t\t\t<div class=\"elementor-element elementor-element-c6febf4 elementor-widget elementor-widget-spacer\" data-id=\"c6febf4\" data-element_type=\"widget\" data-e-type=\"widget\" data-widget_type=\"spacer.default\">\n\t\t\t\t<div class=\"elementor-widget-container\">\n\t\t\t\t\t\t\t<div class=\"elementor-spacer\">\n\t\t\t<div class=\"elementor-spacer-inner\"><\/div>\n\t\t<\/div>\n\t\t\t\t\t\t<\/div>\n\t\t\t\t<\/div>\n\t\t\t\t<div class=\"elementor-element elementor-element-17e85cc elementor-align-center elementor-widget elementor-widget-button\" data-id=\"17e85cc\" data-element_type=\"widget\" data-e-type=\"widget\" data-widget_type=\"button.default\">\n\t\t\t\t<div class=\"elementor-widget-container\">\n\t\t\t\t\t\t\t\t\t<div class=\"elementor-button-wrapper\">\n\t\t\t\t\t<a class=\"elementor-button elementor-button-link elementor-size-sm\" href=\"https:\/\/horscadrebeziers.fr\/index.php\/exposition\/\">\n\t\t\t\t\t\t<span class=\"elementor-button-content-wrapper\">\n\t\t\t\t\t\t<span class=\"elementor-button-icon\">\n\t\t\t\t<svg aria-hidden=\"true\" class=\"e-font-icon-svg e-fas-map-pin\" viewBox=\"0 0 288 512\" xmlns=\"http:\/\/www.w3.org\/2000\/svg\"><path d=\"M112 316.94v156.69l22.02 33.02c4.75 7.12 15.22 7.12 19.97 0L176 473.63V316.94c-10.39 1.92-21.06 3.06-32 3.06s-21.61-1.14-32-3.06zM144 0C64.47 0 0 64.47 0 144s64.47 144 144 144 144-64.47 144-144S223.53 0 144 0zm0 76c-37.5 0-68 30.5-68 68 0 6.62-5.38 12-12 12s-12-5.38-12-12c0-50.73 41.28-92 92-92 6.62 0 12 5.38 12 12s-5.38 12-12 12z\"><\/path><\/svg>\t\t\t<\/span>\n\t\t\t\t\t\t\t\t\t<span class=\"elementor-button-text\">Voir tous les lieux<\/span>\n\t\t\t\t\t<\/span>\n\t\t\t\t\t<\/a>\n\t\t\t\t<\/div>\n\t\t\t\t\t\t\t\t<\/div>\n\t\t\t\t<\/div>\n\t\t\t\t<div class=\"elementor-element elementor-element-ebf4415 elementor-widget elementor-widget-spacer\" data-id=\"ebf4415\" data-element_type=\"widget\" data-e-type=\"widget\" data-widget_type=\"spacer.default\">\n\t\t\t\t<div class=\"elementor-widget-container\">\n\t\t\t\t\t\t\t<div class=\"elementor-spacer\">\n\t\t\t<div class=\"elementor-spacer-inner\"><\/div>\n\t\t<\/div>\n\t\t\t\t\t\t<\/div>\n\t\t\t\t<\/div>\n\t\t\t\t\t<\/div>\n\t\t\t\t<\/div>\n\t\t\t\t<\/div>\n\t\t","protected":false},"excerpt":{"rendered":"<p>EXPOS 17\/ TH\u00c9\u00c2TRE MINOTAURE HAUT LIEU DE LA CULTURE AU D\u00c9BUT DU XXe SI\u00c8CLE Le Th\u00e9\u00e2tre du Minotaure \u00e9tait inaugur\u00e9 le 11\u00a0novembre\u00a01898 afin d\u2019accueillir les concerts de la Chambre musicale, dont la vocation \u00e9tait\u00a0de faire conna\u00eetre \u00e0 B\u00e9ziers des artistes internationaux et des compositeurs contemporains.\u00a0 La Mission Patrimoine pour la sauvegarde du patrimoine en p\u00e9ril, [&hellip;]<\/p>\n","protected":false},"author":1,"featured_media":0,"parent":0,"menu_order":0,"comment_status":"closed","ping_status":"closed","template":"elementor_header_footer","meta":{"footnotes":""},"class_list":["post-920","page","type-page","status-publish","hentry"],"_links":{"self":[{"href":"https:\/\/horscadrebeziers.fr\/index.php\/wp-json\/wp\/v2\/pages\/920","targetHints":{"allow":["GET"]}}],"collection":[{"href":"https:\/\/horscadrebeziers.fr\/index.php\/wp-json\/wp\/v2\/pages"}],"about":[{"href":"https:\/\/horscadrebeziers.fr\/index.php\/wp-json\/wp\/v2\/types\/page"}],"author":[{"embeddable":true,"href":"https:\/\/horscadrebeziers.fr\/index.php\/wp-json\/wp\/v2\/users\/1"}],"replies":[{"embeddable":true,"href":"https:\/\/horscadrebeziers.fr\/index.php\/wp-json\/wp\/v2\/comments?post=920"}],"version-history":[{"count":25,"href":"https:\/\/horscadrebeziers.fr\/index.php\/wp-json\/wp\/v2\/pages\/920\/revisions"}],"predecessor-version":[{"id":1446,"href":"https:\/\/horscadrebeziers.fr\/index.php\/wp-json\/wp\/v2\/pages\/920\/revisions\/1446"}],"wp:attachment":[{"href":"https:\/\/horscadrebeziers.fr\/index.php\/wp-json\/wp\/v2\/media?parent=920"}],"curies":[{"name":"wp","href":"https:\/\/api.w.org\/{rel}","templated":true}]}}